 76555860.
12
Calculate the highest common divisor of 5125 and 2695955.
205
Calculate the highest common divisor of 58462077 and 6.
3
What is the highest common factor of 61695 and 186417612?
12339
Calculate the highest common factor of 13321 and 201925427.
1903
What is the highest common factor of 3100420 and 20497?
199
Calculate the greatest common divisor of 66 and 10268038.
22
Calculate the greatest common factor of 1464 and 2856584.
8
What is the greatest common divisor of 12455 and 149407?
53
What is the greatest common factor of 44499 and 68796?
273
What is the highest common factor of 1479843 and 16146?
621
What is the greatest common divisor of 533315611 and 4822?
2411
What is the highest common divisor of 100767373 and 116?
29
What is the highest common divisor of 34430984 and 272?
136
What is the greatest common factor of 9906 and 102026847?
4953
What is the highest common divisor of 409 and 15232387?
409
What is the highest common factor of 800 and 956640800?
800
Calculate the highest common factor of 1516111159 and 1423.
1423
What is the highest common divisor of 215370320 and 3135?
1045
What is the highest common factor of 260 and 6962020?
260
Calculate the highest common divisor of 4610 and 38070763.
461
Calculate the greatest common divisor of 1982464 and 64.
64
What is the greatest common factor of 2536 and 65334968?
2536
What is the greatest common divisor of 1060 and 84550370?
530
What is the greatest common factor of 144826 and 215470?
58
What is the greatest common divisor of 879660 and 4020?
60
What is the highest common divisor of 245 and 254585?
5
What is the greatest common factor of 1150246 and 1334?
2
Calculate the greatest common divisor of 250 and 5138750.
250
Calculate the greatest common factor of 27061920 and 540.
180
What is the highest common factor of 8788850 and 200?
50
What is the highest common divisor of 33991 and 17879?
19
Calculate the highest common divisor of 33057 and 24201.
9
Calculate the highest common factor of 7768222 and 616.
154
Calculate the highest common divisor of 185 and 207985.
5
Calculate the highest common factor of 3404 and 346058.
46
Calculate the highest common factor of 217 and 52515581.
31
Calculate the highest common divisor of 177363905 and 244.
61
Calculate the greatest common divisor of 85043639 and 323.
323
What is the greatest common divisor of 72 and 201032?
8
Calculate the greatest common divisor of 3370 and 13954496.
674
Calculate the greatest common divisor of 151585 and 3228015.
2485
Calculate the highest common divisor of 51 and 99257577.
51
Calculate the highest common divisor of 60890282 and 2636.
1318
Calculate the highest common factor of 38 and 12342058.
38
Calculate the highest common divisor of 655 and 128059443.
131
Calculate the greatest common divisor of 47207571 and 12388.
3097
What is the greatest common divisor of 66 and 31751324?
22
What is the highest common factor of 33 and 768882?
3
What is the highest common factor of 171382855 and 8540?
2135
What is the greatest common factor of 3744 and 4662684?
468
What is the highest common divisor of 399520 and 1150890?
2270
What is the highest common divisor of 135422 and 146?
2
Calculate the highest common factor of 7802 and 275726.
166
Calculate the highest common divisor of 637632 and 364736.
2624
Calculate the greatest common factor of 136 and 9350680.
136
Calculate the highest common factor of 915834230 and 1940.
970
What is the greatest common factor of 981144 and 5076?
36
Calculate the greatest common divisor of 132554 and 32618.
694
What is the greatest common divisor of 9277240 and 658?
14
What is the highest common factor of 1047563 and 1661?
11
What is the highest common divisor of 4408330 and 20?
10
What is the highest common divisor of 576401 and 127568?
469
What is the greatest common factor of 28128 and 11759262?
1758
Calculate the greatest common factor of 750261 and 722091.
939
Calculate the highest common factor of 1325538 and 270.
54
What is the highest common factor of 3278 and 208934?
22
Calculate the highest common factor of 21201 and 98167697.
7067
What is the highest common factor of 193901 and 22507?
71
What is the greatest common divisor of 709420 and 2700220?
1580
Calculate the greatest common factor of 5662 and 416100.
38
What is the greatest common divisor of 38 and 842884498?
38
Calculate the highest common divisor of 151250 and 40000.
1250
What is the highest common factor of 34 and 5456576?
2
Calculate the greatest common factor of 338892 and 129620724.
10932
Calculate the highest common divisor of 27556335 and 8181.
2727
Calculate the greatest common factor of 35235 and 2635520.
145
What is the highest common factor of 443005 and 20705?
205
What is the greatest common factor of 64 and 8617920?
64
Calculate the highest common factor of 98071582 and 112.
14
Calculate the greatest common factor of 18540 and 1481140.
2060
What is the greatest common factor of 8 and 2912934?
2
What is the greatest common divisor of 1232024 and 15776?
136
Calculate the highest common factor of 1 and 26238481.
1
What is the greatest common factor of 224221 and 52?
1
What is the highest common divisor of 4991 and 935249?
161
What is the highest common factor of 96420 and 25332?
12
What is the greatest common divisor of 1654828702 and 46?
46
What is the highest common divisor of 68138 and 44800?
14
What is the greatest common divisor of 118502449 and 97168?
6073
What is the greatest common divisor of 544 and 72095572?
68
What is the highest common factor of 27677328 and 4480?
112
What is the highest common divisor of 10220 and 2171540?
140
What is the highest common divisor of 80643823 and 13?
13
Calculate the highest common divisor of 396 and 9855956.
44
What is the greatest common divisor of 4689347 and 239447?
2119
What is the highest common factor of 1185876 and 9?
9
What is the highest common factor of 55 and 9346601?
11
What is the highest common divisor of 9437968 and 48?
16
What is the highest common factor of 19730820 and 60?
60
Calculate the greatest common factor of 11100605 and 605.
5
What is the greatest common divisor of 176958 and 108?
54
Calculate the greatest common factor of 5152 and 43928864.
224
What is the greatest common factor of 87097 and 281873?
251
What is the highest common divisor of 294 and 3109989?
3
Calculate the greatest common divisor of 6816 and 7531112.
568
Calculate the greatest common factor of 1315 and 12955117.
263
What is the highest common factor of 3650 and 1708930?
730
Calculate the highest common divisor of 3782 and 3155713.
61
What is the highest common divisor of 96950 and 207900?
350
Calculate the greatest common divisor of 106998 and 853886.
2098
Calculate the greatest common factor of 10809582 and 266.
14
What is the greatest common factor of 288 and 3492954?
18
What is the highest common factor of 20723527 and 2125?
17
Calculate the highest common factor of 395968 and 2216022.
538
Calculate the greatest common factor of 266856560 and 64.
16
What is the highest common factor of 261344960 and 5440?
320
Calculate the greatest common factor of 12140136 and 1104.
552
What is the highest common factor of 84 and 100854404?
28
What is the greatest common factor of 321435 and 3495?
15
What is the greatest common divisor of 35913922 and 44?
22
What is the highest common factor of 9568 and 31158712?
104
Calculate the highest common divisor of 97111158 and 6678.
318
What is the greatest common divisor of 32 and 159064416?
32
What is the greatest common divisor of 46505 and 955?
5
Calculate the greatest common divisor of 283665704 and 4060.
812
What is the greatest common factor of 538 and 11779241?
269
Calculate the highest common divisor of 866 and 512246794.
866
Calculate the greatest common factor of 2495454 and 5629377.
4173
What is the greatest common factor of 2899083 and 332937?
1947
Calculate the greatest common divisor of 96258 and 78374.
526
What is the highest common factor of 54887252 and 28?
28
What is the greatest common divisor of 840476 and 6006?
182
Calculate the greatest common factor of 24 and 213412809.
3
What is the greatest common factor of 868 and 60513488?
868
What is the highest common divisor of 846 and 16707231?
423
Calculate the greate